2 - n. Suppose 10*a - 13*a + 12 = 0. Give q(a).
8
Let u(f) = 2 - 1 + 5*f + 2*f. Let c be 1 - (0/1)/(-2). Suppose 3*q = 4*q + c. Give u(q).
-6
Let c(y) = -y**2. Suppose 4*u + 20 = 4*a, 0*a - 3*a - 3*u - 3 = 0. Suppose -5*g - 3 = -a*g. Let h be (g + 2/2)/1. Give c(h).
0
Let m be (-1 + 0)*(0 + 2). Let f(d) = 11*d - 11. Let j(b) = 21*b - 20. Let t(l) = -11*f(l) + 6*j(l). Give t(m).
-9
Let i = 94 - 98. Let p(b) = b**3 + 2*b**2. Let d(o) = -2*o**3 - 5*o**2 - o - 1. Let j(n) = -3*d(n) - 5*p(n). Determine j(i).
7
Let u(k) be the second derivative of -k**4/12 - k**3/6 + 3*k**2 - 7*k. What is u(0)?
6
Let r(b) = b**2 + 4. Suppose -4*w + 4 + 8 = 0. Suppose -5*z + z - w*i + 15 = 0, -5*i + 25 = -2*z. Give r(z).
4
Let f(t) be the third derivative of -t**6/240 + t**5/120 + t**4/8 - 3*t**2. Let y(p) be the second derivative of f(p). What is y(2)?
-5
Let z(n) = -2*n + 2*n**2 - 3*n**2 + 6*n. Let a be (-1)/(-3) + 28/6. Calculate z(a).
-5
Suppose 0 = -5*g - 58 - 32. Let q = -12 - g. Let v(l) = -l - 5. Calculate v(q).
-11
Let d(i) be the third derivative of i**5/60 - i**4/4 - 2*i**3 + 20*i**2. Calculate d(9).
15
Let h(b) be the first derivative of 1 - 1/5*b**5 + 3*b - 1/12*b**4 + 0*b**3 + 0*b**2. Let l(a) be the first derivative of h(a). What is l(-1)?
3
Let v(z) = -606*z**2 + z + 610*z**2 - 2*z + z**3. Let j(a) = -a - 4. Let y be j(-4). Let o = y - 4. What is v(o)?
4
Let q be (-4)/3 - 6/9. Let y be (-3)/((-1)/(5/3)). Let b(w) = -y*w + 2*w - w - 2. Calculate b(q).
6
Let l(p) = -5*p**3 + 16*p**2 - 7*p + 10. Let j(b) = 4*b**3 - 15*b**2 + 8*b - 9. Let v(c) = 4*j(c) + 3*l(c). Determine v(11).
-6
Let u be ((-1)/3)/(8/24). Let x(r) be the first derivative of r**4/12 + r**3/2 + r**2/2 + 2*r - 4. Let a(h) be the first derivative of x(h). What is a(u)?
-1
Suppose 5*i = -0*i + 3*v + 2, -4*i + 5*v - 1 = 0. Let o be 17 + i*(1 - 2). Let m be o/(-10) - 10/25. Let l(x) = 2*x**3 + 2*x**2 - x + 2. Calculate l(m).
-4
Suppose 7*g - 18 = 3. Let v(t) be the first derivative of 5*t + g*t**2 + 3 + 1/3*t**3. What is v(-5)?
0
Let o be 7/3*(-8)/(40/15). Let g(l) = -l**2 - 6*l + 1. Calculate g(o).
-6
Suppose -3*b + 9 - 3 = 0. Let f(y) be the second derivative of y**4/24 + y**2 - y. Let j(z) be the first derivative of f(z). Calculate j(b).
2
Let l(f) = -f - 1. Let p(c) = -16*c - 16. Let g(j) = 28*l(j) - 2*p(j). Give g(-5).
-16
Suppose 0 = -v + 2*v - 5. Let j(x) = -x**2 - 3 + x**3 + v + 4. Suppose -11*m = -12*m. Calculate j(m).
6
Let z(g) be the third derivative of 0*g**3 + 0*g + g**2 + 1/24*g**4 + 0. Give z(1).
1
Let v(n) be the first derivative of n**4/24 - 5*n**3/6 - n**2/2 + 5. Let o(d) be the second derivative of v(d). Calculate o(6).
1
Let q(b) = 17*b - 2 - 4 - 16*b. What is q(7)?
1
Let l(j) be the first derivative of j**6/120 - j**5/10 + 5*j**4/24 - j**3/6 - 2*j**2 + 2. Let w(d) be the second derivative of l(d). Calculate w(5).
-1
Let h(v) = v. Let c(o) = -5*o - 1. Let q(g) = -4*c(g) - 22*h(g). Let b(a) = a + 1. Let m be b(4). What is q(m)?
-6
Let o(d) be the first derivative of -d**4/4 + 11*d**3/3 + 13*d**2/2 - 16*d - 10. Calculate o(12).
-4
Let o(a) = 2*a**2 - 4*a - 5. Let g(k) = -k**2. Let x(r) = -g(r) - o(r). What is x(6)?
-7
Suppose 0 = 5*l - 49 + 24. Let s(m) = 0*m + m + 4 - 10. What is s(l)?
-1
Let s(c) be the second derivative of -c**4/12 + c**3 + 5*c**2/2 - 7*c. Calculate s(7).
-2
Let j(r) = 3*r + 2. Let p(q) = -q**3 + q - 2. Let a(w) = -w**2 - 6*w - 5. Let i be a(-5). Let n be p(i). What is j(n)?
-4
Let p(n) = n**2 - 6. Let l(z) = -2*z**2 + 7. Let g(c) = -2*l(c) - 3*p(c). Let v(h) be the first derivative of g(h). What is v(-2)?
-4
Let p(t) = -t**2 + 4*t + 6. Let s be p(5). Let g(b) = 12*b**2 - 1. What is g(s)?
11
Let f(z) be the first derivative of z**3/3 - 7*z**2/2 - 2*z + 9. Let v(u) = 2*u**2 - 15*u - 5. Let q(d) = 9*f(d) - 4*v(d). Calculate q(4).
6
Let g = 16 + -29. Let f(v) = -6*v**2 + 4*v + 1. Let o(a) = 12*a**2 - 9*a - 2. Let z(m) = g*f(m) - 6*o(m). Suppose 7 = 23*q - 16*q. Give z(q).
7
Let y(k) = k**3 + k**2 - k - 2. Suppose 12 = -2*z - 4*z. What is y(z)?
-4
Let a(t) = -15*t**3 + 19*t**2 + 19*t - 3. Let i(p) = 7*p**3 - 9*p**2 - 9*p + 1. Let c(v) = -6*a(v) - 13*i(v). Calculate c(4).
1
Let j(t) = t**2 + 8*t - 2. Let c be -3 + (-2 - (-3)/(-3)). Calculate j(c).
-14
Suppose -12 = 7*n - 4*n. Let a(w) = -2*w - 4. Calculate a(n).
4
Let h(r) = -r**2 - 5*r. Let s be h(-4). Let o(v) be the second derivative of 0 + 1/12*v**s - 1/6*v**3 - 2*v - 1/2*v**2. Give o(3).
5
Let p(l) = 2*l**2 - 5*l - 4*l**2 + 8*l**2 + 7 - 2*l - l**3. Let g be ((-1)/(-2))/(2/20). Determine p(g).
-3
Let i(b) = b**3 + 2*b**2 + 3*b + 1. Let o be 6/(-9) + 5/(45/(-21)). Give i(o).
-17
Let b(u) = u + 8*u + 4 - 3*u + 0 + u**2. Calculate b(-4).
-4
Suppose 0*d + 1 = d. Let r be (-5 + 3)/(3 - d). Let n(x) = 5*x**2 + x. Give n(r).
4
Let m(z) = -5*z - 1. Let w(x) = -x - 1. Let r(s) = -m(s) + 6*w(s). What is r(-4)?
-1
Let a(d) be the first derivative of -d**3/3 - d**2/2 - 2*d + 9. Let j be 0*(-2 + (-3)/(-2)). Suppose j*u = -2*u. Give a(u).
-2
Let m(j) = j**3 - 7*j**2 - j - 6. Let h = -49 - -56. Calculate m(h).
-13
Let u(s) = 14*s**3 + s**2 - 6*s + 5. Let q(c) = 13*c**3 + c**2 - 5*c + 4. Let p(a) = -6*q(a) + 5*u(a). Give p(-1).
8
Suppose 4*n - 4*b = 12, 0 = -3*n + 3*b - 7*b + 37. Let y(p) = n + p**2 - 2 + 5*p - 2. Let u(z) = -z**2 - 8*z - 3. Let v be u(-8). What is y(v)?
-3
Let s(b) be the first derivative of -b**2/2 + b - 1. Let k be s(-3). Suppose 5*v - k*l + 9 = -l, -15 = v - 5*l. Let r(g) = g - 6. Determine r(v).
-6
Let m(q) = q**3 - q + 1. Let k be m(0). Let y(n) be the third derivative of -n**5/20 - n**3/6 + 184*n**2. Determine y(k).
-4
Let t = 129 - 123. Let m(n) = n**3 - 5*n**2 - 6*n - 4. Give m(t).
-4
Let q(y) = -2*y**2 + y + 1. Let x(s) = -5*s**2 + 8*s. Let p(o) = -2*q(o) + x(o). Suppose 4*k = 2 + 22. What is p(k)?
-2
Suppose 0*h - 3 = h, 5*h - 10 = -5*d. Let o(w) = -7*w**3 + 10*w**2 + 5*w + 4. Let c(v) = -4*v**3 + 5*v**2 + 3*v + 1. Let j(u) = -5*c(u) + 3*o(u). Give j(d).
7
Let w(d) = d + 3. Suppose 4*o = 4*n + 24, 4*n = 2*o - 17 + 3. Suppose o = -c + 8. Determine w(c).
6
Let m(f) = -4 - 6 + 6 - 3*f. Let s(o) be the first derivative of -o**2/2 - 1. Let z be s(3). Calculate m(z).
5
Let c(s) be the first derivative of -s**2 - 2. Suppose 6*r = -5*h + 3*r + 5, 3*h = -3*r + 9. Give c(h).
4
Let p(b) = 4*b - 2. Let d(r) = 5*r - 2. Let w(h) = -3*d(h) + 4*p(h). Calculate w(6).
4
Let u(m) = 2*m + 4*m - 2*m - 5*m + 10. Let n be u(10). Let z(t) = -t**3 - t**2 - t + 7. Determine z(n).
7
Let x(v) be the third derivative of -v**5/60 + v**4/8 + 4*v**3/3 - 7*v**2 - 1. What is x(5)?
-2
Let g be 0/3 - (-2 + 1). Let b(z) = -z**3 - g + 1 + 2*z. Determine b(-2).
4
Let f be -3 + (0/(-1))/2. Let q(d) = d**3 - 3*d**2 - 2*d - 4. Let s be q(4). Let x = s + f. Let n(m) = -3*m**3 + 1. What is n(x)?
-2
Let o(l) = -6*l + 3. Let a(i) = i**2 - i. Let n(v) = -a(v) - o(v). Let c(d) = -5*d - 1. Let x be 3/(-1) - 2*-1. Let t be c(x). What is n(t)?
9
Let n be (-1)/3 - (-2)/(-3). Let h(d) be the third derivative of 11*d**6/120 + d**5/30 - d**3/6 + 29*d**2 + 3*d. What is h(n)?
-10
Suppose -2*s + 3 = -5. Let i(z) = z**2 - z + 1. Let g(d) = -d**3 + 2*d**2 - d - 5. Let n(j) = g(j) + 3*i(j). Determine n(s).
-2
Let p(l) = 4 + 3 + l**2 - 3. Suppose 3*v = -2*v. Suppose v = 2*f - f. Determine p(f).
4
Let m(p) = -2*p**2 - 3*p - 3. Let n be (-37)/(-7) + 6/(-21). Suppose g = n*y - 9, -3*y + 7*g - 3*g + 19 = 0. Let h = y - 3. What is m(h)?
-5
Let k = -1 - -2. Let q be k + (-1 - 0) + -4. Let f(v) = -3*v - 2*v + 9 - 8 - v**2. Determine f(q).
5
Suppose 0 = -3*p - 2*p. Suppose 0 = -f - p*f + 11. Let b(k) = k - 5. Let n be b(f). Let q(c) = -c + 8. What is q(n)?
2
Let c(a) be the first derivative of -a**2/2 + 4*a - 19. Calculate c(6).
-2
Let l(i) = i**3 - i. Suppose 0 = -w + 3*w. Suppose -3*h + j = 0, -3*j + 6 + 3 = w. Calculate l(h).
0
Let j(q) = -q - 1 - q**3 + 0 - 7*q**2 + 2*q**2. What is j(-5)?
4
Let p(s) = 3*s**3 + s**2 - 2. Let y(z) = 10*z**3 + 2*z**2 - z - 6. Let o(x) = 7*p(x) - 2*y(x). Suppose 2*g = 4*b + 2, 14 = -2*g - 0*b - 4*b. Give o(g).
-8
Let l = -18 - -20. Let y(m) = -2*m**3 + 2*m**2 - m - 2. Determine y(l).
-12
Let h(y) = y**3 - 12*y**2 - 15*y + 28. Let b be h(13). Let n(q) = 4*q. What is n(b)?
8
Let q(u) = u**2 - u - 4. Suppose 13 = 4*z - 59. Let 